culate the remainder when 27 is divided by j.
6
Suppose 0 = 4*s - 4*q - 64, 0*s + 5*s = 2*q + 83. What is the remainder when 49 + (1 - -2) + -2 is divided by s?
16
Let k be ((-2)/(-4))/(1/12). Let q = k + 11. Suppose -4*o = 2*o - 198. Calculate the remainder when o is divided by q.
16
Suppose 2*t - 4 = -4*r, -21 = -t - 5*r - 4. Let c(h) = h**3 + 7*h**2 - 13*h - 10. Calculate the remainder when c(t) is divided by 8.
6
Let w = 169 - 56. What is the remainder when w is divided by 29?
26
Let u(r) = -r**3 - 7*r**2 - 9*r - 2. Suppose 4*g - y = 122, 0*g - 3*g - 4*y + 101 = 0. Calculate the remainder when g is divided by u(-6).
15
Suppose -2*o + 6*o = -3*q + 382, -3*q + 3*o + 354 = 0. What is the remainder when q is divided by 31?
29
Suppose 6*n = 49 + 137. What is the remainder when n is divided by 17?
14
Suppose 4*i = 4*m + 7*i + 32, 5*m - i + 21 = 0. Let b = m - -10. Let q(x) = 2*x**2 + 16*x + 4. Calculate the remainder when b is divided by q(-8).
1
Let m = 34 + -20. What is the remainder when 25 is divided by m?
11
What is the remainder when 1*(-3)/((-3)/14) is divided by 4?
2
Let q(r) = r**2 - 4*r - 7. Let t = -16 + 23. What is the remainder when 25 is divided by q(t)?
11
Suppose 6*u - u + 25 = 0. Let n(f) = -7*f + 10. What is the remainder when n(u) is divided by 23?
22
Let r = -16 + 23. Calculate the remainder when 17 is divided by r.
3
Let k(y) = -y**2 - 8*y - 5. Suppose -1 = 3*w + 17. Let d be k(w). Calculate the remainder when 28 is divided by (2 - 1)*(d + 3).
8
Suppose -5*t - 3 = 2*i, i - 4*t = -2*i - 16. Let a = 5 + i. Calculate the remainder when 20 is divided by (7/(-3))/(a/(-3)).
6
Suppose 3*n - u - 77 = -2*u, -u = -4*n + 105. What is the remainder when n is divided by 14?
12
Suppose 3*c - 5*k - 242 = 0, 3*c + 3*k = c + 136. Calculate the remainder when c is divided by 26.
22
Let l = -10 + -3. What is the remainder when l*(2/1 - 4) is divided by 9?
8
Suppose 5*w - 86 = 3*w. Calculate the remainder when w is divided by 15.
13
Suppose 4*k = -3*i - 17 + 416, -2*i = -4*k + 414. Calculate the remainder when k is divided by 26.
24
Let h = -7 - -13. Let n = 17 - h. Calculate the remainder when n is divided by 4.
3
Let c be (6 - 7)/(1/7). Let s = c - -12. Let h(o) = 3*o**2 - 2*o - 2. What is the remainder when h(-2) is divided by s?
4
Suppose -87 = -p - 25. What is the remainder when p is divided by -21*(-2)/(-6)*(0 + -3)?
20
Suppose 5*o - 2*u = u + 101, 48 = 2*o - 5*u. Calculate the remainder when 35 is divided by o.
16
Let i = 25 - -6. What is the remainder when i is divided by 16?
15
Let t(h) = h**3 - 4*h**2 + 4*h + 1. Let b = 0 - -3. Calculate the remainder when 7 is divided by t(b).
3
Let f be (6/21)/((-1)/(-14)). Suppose -f*u + 104 = -48. Calculate the remainder when u is divided by 13.
12
Let j be 5*(-1 + 33/15). Let w = 3 + j. What is the remainder when 15 is divided by w?
6
Let v(l) = -l - 2. Let j be v(-2). Suppose -2*d = -j*d - 22. Suppose 5*y = 4*x + x + 90, x = -y + 22. Calculate the remainder when y is divided by d.
9
Suppose 4*a = 5*c - 66, -c = -0*c + 4*a + 6. Suppose f = -1, q + 4*f - f - 33 = 0. Calculate the remainder when q is divided by c.
6
Suppose 0 = -3*s - 0*s + 42. Suppose -s = n - 3*n. What is the remainder when n is divided by 2?
1
Let c = 11 + -5. Calculate the remainder when c*(0 + (-20)/(-6)) is divided by 7.
6
Suppose -2*p - 4 = -4*p. Suppose 3 = f - p*j - 1, -j = -4*f + 23. Suppose 2*x - 1 = 3. What is the remainder when f is divided by x?
0
Let w = 27 + -22. Suppose 0*p = -p + 5*g - 2, 0 = -w*p + 5*g + 70. What is the remainder when p is divided by 4?
2
Let u(o) = 2*o**3 - 5*o**2 + 1. Let l(f) = -f**3 - 7*f**2 - 7*f - 5. Let v be l(-6). Let a be -1*(v + 1)*-2. What is the remainder when u(a) is divided by 17?
15
Let i(o) = 6*o**2 - 5*o - 8. Let p(c) = -7 + 2*c**2 + 0*c**2 + 4 - 2*c. Let s(k) = 3*i(k) - 8*p(k). Calculate the remainder when s(-4) is divided by 10.
8
Let y(c) = -c**2 + 3*c + 4. What is the remainder when 15 is divided by y(3)?
3
Suppose 4*z + 1 - 9 = 0. Suppose 0 = z*m + 15 - 91. What is the remainder when m is divided by 13?
12
Suppose m = -m + 4. What is the remainder when 13 is divided by (-66)/(-8) + m/(-8)?
5
Let p = 68 + -107. Let n = -36 + 14. Let c = n - p. Calculate the remainder when 49 is divided by c.
15
Let x(j) = -j**2 - 11*j - 3. What is the remainder when x(-6) is divided by 15?
12
Let b = 5 + 16. What is the remainder when 61 is divided by b?
19
Suppose -v = 3*v - 60. Calculate the remainder when 73 is divided by v.
13
Let v(l) = -l**3 - 8*l**2 + 9*l - 30. What is the remainder when v(-10) is divided by 41?
39
Let m be (-52)/(-16) - 2/8. Suppose m*k + 4 = 43. Suppose -2*n + 4*n = 2*x + 68, 0 = 4*x - 12. What is the remainder when n is divided by k?
11
What is the remainder when 75 is divided by (-37)/(-2) - (7 + 60/(-8))?
18
Suppose 2*g + 16 = -2*g. Let w(p) = p**3 + 4*p**2 - 2*p - 1. What is the remainder when 12 is divided by w(g)?
5
Let t(i) = -i**3 - 15*i**2 - i + 35. What is the remainder when 146 is divided by t(-15)?
46
Let j = -23 + 35. What is the remainder when 43 is divided by j?
7
Let y(l) = -l**3 + 6*l**2 + 9*l - 10. Let v be y(7). Let r(c) = -3*c + 5. Let d be r(v). What is the remainder when 10 is divided by -1*(d + (-2)/(-2))?
4
Suppose -3*c + v + 3*v + 29 = 0, 2*c - 19 = 3*v. Suppose -2*w - 29 = -c. Calculate the remainder when 10 is divided by (-40)/15*w/4.
4
Suppose 0 = -5*g + 7*g - 50. What is the remainder when 97 is divided by g?
22
Let w = 131 - 61. Calculate the remainder when w is divided by 36.
34
Let l(r) = r**3 - 4*r**2 + 2*r + 3. Let t = -4 - -9. Calculate the remainder when l(t) is divided by 20.
18
Let r = -1 + 19. Calculate the remainder when r is divided by -5 + 0 - -4 - -8.
4
Suppose z - 16 = -h, -h - 4 = -2*z + 28. Let f(w) be the third derivative of 23*w**5/30 - 3*w**2. What is the remainder when f(1) is divided by z?
14
Let z be ((-4)/(-8))/((-1)/(-18)). Suppose 0 = n - 38 - z. Suppose 2*a - 10 = 2*l - 3*l, 0 = 4*l + a - n. Calculate the remainder when 34 is divided by l.
10
Let d = -25 + 85. Suppose t = 5*t + d. Calculate the remainder when 10/t - (-23)/3 is divided by 3.
1
Let h = 39 - 85. Let o = h + 105. What is the remainder when o is divided by 20?
19
Suppose 0 = 3*f + 4*c - 36, 0 = 2*f - f - 5*c + 7. What is the remainder when 21 is divided by f?
5
Suppose 38 = 3*s - 1. Let q = s + -8. Suppose 2*p - 28 = 4*o, -q*o - 38 = 3*p - 6*p. What is the remainder when 11 is divided by p?
5
Let r(l) be the third derivative of -5*l**4/24 + l**3/6 - 5*l**2. What is the remainder when 46 is divided by r(-3)?
14
Suppose 4 = q + 7. Let n = q + 21. What is the remainder when 52 is divided by n?
16
Suppose -33 = -2*v - 5. Let t = 4 + 1. Calculate the remainder when v is divided by t.
4
Suppose -o = -1 - 1. Suppose -3*c - 10 = -o*k, k + 4 = -k - 4*c. Suppose -k*i = -6*i + 8. What is the remainder when 3 is divided by i?
1
Suppose 4*l = -3 + 15. What is the remainder when 23 is divided by (5 - l) + 3 + 3?
7
Let w = -87 - -149. Let i = -20 + 52. Calculate the remainder when w is divided by i.
30
Let p = 31 + -17. Calculate the remainder when 25 is divided by p.
11
Suppose -10*i + 6*i + 16 = 0. Suppose 0 = -i*v - 80 + 328. What is the remainder when v is divided by 16?
14
What is the remainder when 4/(-2) - -52 - -2 is divided by -9*(4/1 + -6)?
16
Suppose 4*m + 6*t - 4*t = 98, -4*t = -4*m + 128. What is the remainder when 78 is divided by m?
24
Suppose 4*w = 180 + 28. Suppose 0 = 2*m - 4 + 2, -3*n - 5*m + 11 = 0. Calculate the remainder when w is divided by 696/39 - n/(-13).
16
Let x be (-1 - 0)*(-144)/(-6). Let s = x + 53. What is the remainder when s is divided by 8?
5
Let q be (-9)/21 - 48/(-14). Suppose -q*k + 2*k = -82. Calculate the remainder when k is divided by 21.
19
Let m be (-2)/5 + 194/10. Let p = -11 + m. Calculate the remainder when (-7)/3*6*-1 is divided by p.
6
What is the remainder when 55 is divided by (-220)/(-15) + 1 - (-4)/(-6)?
10
Suppose 4*w - 7 = 5*m + 37, -m - 12 = -w. Suppose w = -4*x + 6*x. Calculate the remainder when 14 is divided by x.
6
Suppose -z + 6 = -4. Suppose m - s = 40, -5*s + 0*s + z = m. Suppose 3*w = -2*w + m. What is the remainder when 27 is divided by w?
6
Suppose 5*d + 0*d = 135. Let g = -11 + d. Suppose -u = -